. Let h(s) = s**2 + 5*s + 7. Calculate h(v).
7
Let g(h) be the third derivative of h**6/120 - h**5/15 + h**4/8 + h**3/6 - 4*h**2. What is g(3)?
1
Suppose z + 4*l = -2, 3*l + 5 = -0*z + z. Let w(o) = -o - z*o + 0 - o**3 + 4*o**2 + 0*o**3 + 6. Give w(4).
-6
Let d = 33 - 27. Let c(y) be the third derivative of -1/24*y**4 - y**2 - 1/6*y**3 + 0*y - 1/60*y**d + 0 + 0*y**5. Give c(-1).
2
Let k(x) be the first derivative of 5/3*x**3 + 1 + 4*x + 3*x**2 - 1/4*x**4. Let z(s) = -s**2 - 6*s + 1. Let f be z(-1). What is k(f)?
4
Let c(p) = p**2 - 9*p + 12. Let q be c(8). Let m(g) = -g + 5. Give m(q).
1
Let o be 5/(20/16) + -6. Let r(u) = -u**2 - 3*u - 3. Calculate r(o).
-1
Suppose w - 11 + 4 = -3*i, 3*i = -3*w + 9. Let f(p) = 35*p - 14. Let q(n) = 12*n - 5. Let l(x) = 5*f(x) - 14*q(x). What is l(w)?
7
Let i be (-1 - 57)/(-2) - -1. Let h = -9 + i. Let u be h/(-4) + (-2)/(-8). Let k(c) = -3*c - 6. What is k(u)?
9
Let t(j) be the second derivative of j**4/12 + 5*j**3/6 - j**2 - j. Let z be t(-5). Let m(k) = -2 + 4 - 4*k + 0 + 5*k. What is m(z)?
0
Let o(p) = -13*p**3 - 2*p**2 + 2*p - 11. Let h = -1 - 5. Let f(s) = 7*s**3 + s**2 - s + 6. Let j(z) = h*o(z) - 11*f(z). What is j(0)?
0
Let w = 2 - -1. Let u(k) = -k**2 - k + w*k**2 + 3 + 0*k**2 + k**3. Let q = 9 + -12. What is u(q)?
-3
Let k(j) = -3*j + 2. Let z(h) = h**2 - 6. Let b(s) = -s**2 + s + 7. Let a(d) = -6*b(d) - 7*z(d). Let u be a(-6). Let q = u - -2. Give k(q).
-4
Suppose -4*o + 3*o = -3. Let l(r) = r**3 - 5 + 5 + 4 + r - 4*r**2 - 2*r**o. Let c be 11/(-3) - 2/6. Give l(c).
0
Let f(r) be the third derivative of -r**4/12 + r**3/3 - 30*r**2. Give f(2).
-2
Let b(q) = q**3 + 3*q**2 + q + 1. Let p be (-18)/6 + 0/1. Let u be b(p). Let y(z) = z**3 - z + 1. Calculate y(u).
-5
Let l(x) = 4*x**3 + x**2 - x. Let s = -6 - -18. Suppose 0 = 4*j - s - 8. Suppose 0 = j*c + q - 0*q - 2, 4*q + 12 = 0. What is l(c)?
4
Let o be ((-2)/18*6)/(0 + -16). Let n(k) be the third derivative of 0*k + 5/6*k**3 + 0 - o*k**4 - 3*k**2. Calculate n(0).
5
Suppose p + 1 = -r, 5*p + 0*p = 5*r + 35. Let y(c) = c**3 + 4*c**2 - c + 3. Determine y(r).
7
Let l = -7 + -3. Let w = l + 12. Let q(c) = -c**2 + 4*c - 3. Determine q(w).
1
Let v(c) = 4*c**2 - 2*c + 1. Suppose 5*t + 3*z = -23, 0*t - 2*t + z - 18 = 0. Let k = -6 - t. Determine v(k).
3
Let v(t) = -t**3 - t - 3. Suppose 4*b + 33 = 101. Let c = -17 + b. Determine v(c).
-3
Let l(d) be the third derivative of d**6/120 - d**5/60 - d**4/24 - 2*d**3/3 - 9*d**2. Suppose -4*k - 10 = -9*k + 2*b, k - 20 = 4*b. Give l(k).
-4
Let b(f) = f**2 + 4*f + 3. Suppose 0 = 4*t - 4 - 4. Let o(n) = n**2 + 3*n + 3. Let i(d) = t*o(d) - 3*b(d). Calculate i(-2).
5
Let s = -9 + 14. Let k(w) = -w**3 + 0*w**3 - 5*w**2 - 4 + 2*w**3 + s*w. Suppose 4*o - 34 = -5*c - 7, 5*c - 24 = -3*o. Give k(c).
-7
Let j(u) be the third derivative of 1/60*u**5 + 0*u + 0 + u**2 + 1/3*u**3 + 0*u**4. Determine j(0).
2
Let b(u) = -u**3 + u**2 + u - 2. Suppose 5*c + 12 = -3*q - 7, 3*q = -4*c - 17. What is b(c)?
8
Let w(r) = -2*r. Let x be -4 - 6/(6/(-5)). What is w(x)?
-2
Let t(l) = l**2 + 5*l + 3. Suppose -4*f + 4*y = -52, -3 + 10 = f + 5*y. Suppose -s + 4*s = -f. Let x be (15/20)/(1/s). Determine t(x).
-3
Let j(p) = 8*p**3 - 2*p - 9*p**3 + 7*p**2 + 2 + 0*p**3 + 3*p. Determine j(7).
9
Let u(a) = -7*a**3 + a**2 + 6*a + 4. Let n(d) be the second derivative of 3*d**5/10 - 5*d**3/6 - 2*d**2 + 2*d. Let m(q) = -6*n(q) - 5*u(q). Calculate m(-5).
4
Let q(s) = -15 - 3*s + 6 + 2*s. Let l(k) = k - 7. Let u be l(7). Determine q(u).
-9
Let q be (-93)/33 - (-4)/(-22). Let d(i) = -3*i**2 - 3*i - 3. What is d(q)?
-21
Let z = 2 - 3. Let s(f) = -4*f**2 - 1. Determine s(z).
-5
Let x(r) be the first derivative of -1/8*r**4 - 1 + 1/2*r**2 - 1/2*r**3 + 0*r. Let y(s) be the second derivative of x(s). Calculate y(-3).
6
Let d(p) be the first derivative of -p**2/2 + 2*p + 2. Let u be -1*3 - (5 - 4). Determine d(u).
6
Let c(u) = -21*u - 5. Let k(y) = -5*y - 1. Let i(v) = -6*c(v) + 26*k(v). Let q = -6 + 10. Calculate i(q).
-12
Let x(w) = -w**3 + 6*w**2 + 9*w - 7. Let r be x(7). Let s(c) = 0 - 6 + 3 - r*c + 2. Calculate s(-2).
13
Let f(c) = 1. Let k(b) = -7*b - 4. Let v(d) = 3*f(d) + k(d). Suppose -3*a + 1 = -2*a. Determine v(a).
-8
Let d = 2 - 1. Let u(i) = 5*i**2 - d - 1 + 2*i**2 + 1. Give u(-1).
6
Let m = 8 - -14. Suppose -2*g = 5*c + m, -5*g = -c - c - 3. Let l(p) = 0 - 2 + 7 + 2*p. Give l(c).
-3
Let y be 9 + (2 - 2) + -3. Let l(c) = -6*c - y + 2 + 5. Calculate l(1).
-5
Suppose 7*y - 2*y + 5 = 0. Let q(a) = 10*a + 1. What is q(y)?
-9
Suppose -4 = -z + 3*z. Let s = z + 5. Let l(y) = -y**2 + 5*y - 3. Give l(s).
3
Let y(j) = 3*j + j**3 - 3*j**2 + 1 - j**2 - 2*j. Let d be y(4). Let m(a) be the second derivative of a**3/6 - 4*a. Determine m(d).
5
Let h(d) = 4*d + 1. Suppose -v = -2*v + 1. Let c be h(v). Suppose -c*k = 20, -5*k + 5 - 25 = -5*w. Let a(x) = x**2 - x. Determine a(w).
0
Let m(z) = 2*z - 7. Let s(p) = -p**3 + 6*p**2 + 2*p - 7. Suppose 0*y - 3*y + 18 = 0. Let q be s(y). Give m(q).
3
Let m(w) = -w**3 + 4*w**2 + 2*w - 6. Let l be m(4). Suppose -2*v = l*v - 4. Let p(f) = -2*f + 4. Let s(t) = -4*t + 7. Let i(h) = -5*p(h) + 3*s(h). Give i(v).
-1
Let w(n) be the third derivative of -3*n**2 + 0*n**3 - 1/8*n**4 + 0 + 0*n. Let b be w(1). Let k(x) = -x**3 - 2*x**2 - 2*x - 4. Give k(b).
11
Let v = 1 + 0. Let b(d) = -10*d - 1. What is b(v)?
-11
Let g(x) be the third derivative of x**5/60 + x**4/24 + x**3/2 + 10*x**2. Calculate g(0).
3
Let y(b) = 3*b**2 + 4*b - 1. Let j(r) = -8*r**2 - 13*r + 3. Let z(a) = -4*j(a) - 11*y(a). Determine z(8).
-1
Let d(h) = 2*h**3 - h**2 + 1. Let w be 15/(-30) + (-2)/4. What is d(w)?
-2
Let g(d) = -d. Let h be (-6 + 3 - -2) + 4. Suppose 0 = -5*x + w - h + 6, -2*w = -3*x + 6. Calculate g(x).
0
Suppose 2*l + 22 = 4*h, -2*h + 0*l + 3*l = -21. Suppose 2*m = -3*i + 20, -5*i + 4 = -7*m + 3*m. Let t(r) = 1 + r - m + 0 + 2. Determine t(h).
2
Let m(k) be the first derivative of -k**4/4 + 4*k**3/3 - k**2 - 2*k + 2. Calculate m(3).
1
Let f(m) = m**3 - 3*m**2 - m - 1. Let g(v) = v + 5. Let s be g(0). Let a be s + -8 - (1 - 8). Give f(a).
11
Suppose 4*u + 22 = -2*t, t = -u - t - 7. Let l(c) = 4*c + 3. Determine l(u).
-17
Let b(i) = 8*i + 1. Suppose 3*q = -8 + 5. Calculate b(q).
-7
Let j be -8 - (-2 + -1 + 1). Let v(i) = i**3 + 7*i**2 + 5*i. Give v(j).
6
Let t = -23 + 23. Suppose t*i = 5*i + 5. Let f(u) be the second derivative of 11*u**3/6 - u. Calculate f(i).
-11
Let x(j) = 3*j**2 + 1. Let r = 20 + -21. Give x(r).
4
Let z(t) = -t**2. Let f(d) = -d**3 - 10*d**2 + 6*d + 9. Let j(q) = -f(q) + 5*z(q). Determine j(-6).
-9
Suppose -10*q + 66 = -4*q. Let i = q - 10. Let x(h) = -2*h + 1. Determine x(i).
-1
Let i(y) = 2*y. Let b be (-8)/(-28) + (-19)/(-7). Give i(b).
6
Let m(n) = -n + 8. Let j(o) = o**2 + o + 1. Let h be j(-1). Let k(u) = 1 + h + 1 - 4. Let i(r) = -3*k(r) - m(r). What is i(-4)?
-9
Let z(n) = 5*n - 4. Let f(u) = -2*u - 15. Let o be f(-9). Calculate z(o).
11
Suppose -5*v = -w + 4, 5*w = 4*w + 2*v - 2. Let i(j) = -j**2 - j + 7. Calculate i(w).
-23
Let g(c) = -4*c + 2*c - 151*c**3 - 1 - 2*c**2 + 141*c**3. What is g(-1)?
9
Let j(o) = 2 - 3*o - 3 + 2*o - 6. What is j(-9)?
2
Let i(u) be the third derivative of -u**4/12 - u**3/3 + 5*u**2. Let c be 12/(-8)*(-4)/(-3). Give i(c).
2
Let y(c) = -c**3 - c**2. Let d(w) = 2*w**3 + 8*w**2 - 3*w + 1. Let v be 1 + 1/(2/6). Let z be 2/v + 1/2. Let n(q) = z*d(q) + 3*y(q). Give n(4).
5
Suppose 4*z - 8 = 2*a, 5*a + 2*z - 16 = -0*z. Suppose -4*t + 2*t = a. Let b be (t - 0/2)*3. Let o(s) = s**3 + s**2 - 5*s - 3. Determine o(b).
-6
Let f(d) = 2*d - 3. Let r(m) = -m + 2. Let x(p) = -3*f(p) - 5*r(p). Calculate x(-6).
5
Let l(u) = -u + 7. Suppose 5*j + 0 = 3*h - 28, -2*h + 17 = -3*j. Let a be 1/h + (5 - 6). Calculate l(a).
7
Let j = -35 + 21. Let k be (-176)/77 - 4/j. Let u(x) = -x**3 - 3*x**2 - 4*x - 2. What is u(k)?
2
Let j = 22 - 20. Let y(x) = 5*x**2 - x**3 - 4*x - x + x**j. Give y(5).
0
Let y be 92/(-12) + 2/(-6)*4. Let v(t) = -t**3 - 8*t**2 + 12*t + 13. Calculate v(y).
-14
Let y(i) = -i**3 - 5*i**2 + 7*i + 6. Let f = -48 - -42. What is y(f)?
0
Let x(r) = r**2 + 1. Let d(b) = -4*b**2 - 2*b - 1. Let z(o) = -d(o) - 3*x(o). Calculate z(-3).
1
Let z(s) be the first derivative of s**4/4 - s**2/2 + 6*s + 8. What is z(0)?
6
Le